13, 1491859
List the prime factors of 16072262.
2, 23, 349397
What are the prime factors of 79620921?
3, 29, 61, 1667
What are the prime factors of 90783400?
2, 5, 17, 26701
What are the prime factors of 3793897360?
2, 5, 11, 4311247
What are the prime factors of 368468730?
2, 3, 5, 7, 27851
What are the prime factors of 281810708?
2, 31, 2272667
What are the prime factors of 17138640?
2, 3, 5, 71411
List the prime factors of 84440879.
84440879
What are the prime factors of 112859869?
409, 275941
List the prime factors of 1507462.
2, 11, 68521
What are the prime factors of 235214223?
3, 823, 95267
List the prime factors of 90628587.
3, 7, 205507
List the prime factors of 596482430.
2, 5, 1091, 54673
What are the prime factors of 2679305310?
2, 3, 5, 11, 41, 22003
List the prime factors of 788194595.
5, 3691, 42709
What are the prime factors of 64306030?
2, 5, 241, 26683
What are the prime factors of 2058917020?
2, 5, 6359, 16189
List the prime factors of 3987591848.
2, 443, 1125167
List the prime factors of 4497489144.
2, 3, 20821709
List the prime factors of 742073982.
2, 3, 13, 29, 328061
List the prime factors of 254921714.
2, 127460857
What are the prime factors of 344189165?
5, 991, 69463
What are the prime factors of 87174290?
2, 5, 7, 29, 42943
List the prime factors of 174399849.
3, 13, 83, 17959
What are the prime factors of 224068190?
2, 5, 71, 315589
What are the prime factors of 2272930545?
3, 5, 151528703
What are the prime factors of 1431796318?
2, 31, 107, 215827
List the prime factors of 196388351.
19, 1433, 7213
List the prime factors of 293657547.
3, 89, 1099841
List the prime factors of 44997904.
2, 7, 383, 1049
List the prime factors of 594725421.
3, 23, 31, 8969
List the prime factors of 1397472452.
2, 257, 421, 3229
What are the prime factors of 40081649?
40081649
What are the prime factors of 1503331088?
2, 7, 13422599
List the prime factors of 219708495.
3, 5, 19, 29, 8861
List the prime factors of 875460.
2, 3, 5, 14591
List the prime factors of 150322599.
3, 7, 1223, 1951
List the prime factors of 166063946.
2, 53, 419, 3739
List the prime factors of 8280095.
5, 1656019
List the prime factors of 39343193.
39343193
List the prime factors of 86825779.
47, 1847357
What are the prime factors of 97850061?
3, 10872229
What are the prime factors of 1998298084?
2, 17863, 27967
What are the prime factors of 294640694?
2, 37, 137, 29063
What are the prime factors of 36042466?
2, 18021233
List the prime factors of 3547602101.
293, 349, 34693
List the prime factors of 25124060.
2, 5, 13, 71, 1361
List the prime factors of 145714007.
9209, 15823
List the prime factors of 984253304.
2, 131, 263, 3571
List the prime factors of 39154383.
3, 17, 19, 13469
List the prime factors of 169467284.
2, 7, 864629
List the prime factors of 2148303201.
3, 11, 23, 2830439
What are the prime factors of 145146352?
2, 13, 697819
What are the prime factors of 77271442?
2, 19, 2033459
List the prime factors of 99627684.
2, 3, 13, 17, 37567
What are the prime factors of 2295182849?
71, 107, 397, 761
What are the prime factors of 1117333525?
5, 7, 11, 283, 293
What are the prime factors of 24888373?
24888373
What are the prime factors of 198867909?
3, 113, 586631
List the prime factors of 39798648.
2, 3, 23, 8011
List the prime factors of 208720674.
2, 3, 11595593
List the prime factors of 1538512749.
3, 170945861
What are the prime factors of 79714719?
3, 7, 89, 677
List the prime factors of 64536791.
11, 521, 11261
List the prime factors of 1482512622.
2, 3, 1987, 124351
What are the prime factors of 435864095?
5, 87172819
List the prime factors of 463028121.
3, 31, 191, 8689
What are the prime factors of 302108046?
2, 3, 599, 84059
What are the prime factors of 155608748?
2, 38902187
What are the prime factors of 324646929?
3, 36071881
What are the prime factors of 18601037?
7, 13, 29201
What are the prime factors of 29463382?
2, 13, 277, 4091
What are the prime factors of 79187802?
2, 3, 17, 127, 6113
What are the prime factors of 426965935?
5, 11, 1597, 4861
What are the prime factors of 461601910?
2, 5, 7, 11, 53, 11311
What are the prime factors of 226713210?
2, 3, 5, 61, 123887
List the prime factors of 224130052.
2, 197, 284429
List the prime factors of 438992203.
13, 43, 193, 313
What are the prime factors of 463038125?
5, 11, 47, 1433
What are the prime factors of 106286964?
2, 3, 7, 1265321
What are the prime factors of 3343500468?
2, 3, 7, 11, 1206169
List the prime factors of 172393446.
2, 3, 2677, 10733
List the prime factors of 64416493.
109, 557, 1061
List the prime factors of 20703108.
2, 3, 1725259
What are the prime factors of 331201695?
3, 5, 11, 43, 46681
What are the prime factors of 215673464?
2, 29, 929627
List the prime factors of 77365781.
3209, 24109
List the prime factors of 78089510.
2, 5, 7808951
What are the prime factors of 2738241424?
2, 467, 366467
List the prime factors of 65277708.
2, 3, 5439809
List the prime factors of 1991367918.
2, 3, 110631551
List the prime factors of 111275542.
2, 7, 181, 43913
What are the prime factors of 818652346?
2, 193, 227, 9343
List the prime factors of 729014999.
109, 6688211
What are the prime factors of 625751830?
2, 5, 11, 5688653
List the prime factors of 49184312.
2, 19, 323581
What are the prime factors of 2146669304?
2, 13, 23, 39019
What are the prime factors of 223202437?
223202437
List the prime factors of 1859805435.
3, 5, 241, 499, 1031
List the prime factors of 53235436.
2, 809, 16451
What are the prime factors of 341781607?
16691, 20477
List the prime factors of 243092775.
3, 5, 17, 37, 5153
List the prime factors of 456093172.
2, 149, 765257
List the prime factors of 48032621.
7, 13, 107, 4933
List the prime factors of 667527262.
2, 53, 157, 40111
List the prime factors of 5222558695.
5, 17, 37, 233, 7127
What are the prime factors of 476584889?
11, 43325899
List the prime factors of 96311714.
2, 48155857
List the prime factors of 62685824.
2, 489733
What are the prime factors of 21361996?
2, 17, 317, 991
What are the prime factors of 54375597?
3, 2013911
What are the prime factors of 47628400?
2, 5, 23, 31, 167
What are the prime factors of 762953961?
3, 7, 11, 47, 10039
What are the prime factors of 108853825?
5, 23, 189311
What are the prime factors of 6659292500?
2, 5, 7, 97, 3923
List the prime factors of 126175836.
2, 3, 17, 618509
What are the prime factors of 58980309?
3, 149, 131947
List the prime factors of 33193360.
2, 5, 83, 4999
List the prime factors of 273449763.
3, 61, 55343
What are the prime factors of 2378325220?
2, 5, 37, 617, 5209
What are the prime factors of 32060208?
2, 3, 667921
What are the prime factors of 52358413?
181, 289273
List the prime factors of 124677054.
2, 3, 919, 7537
List the prime factors of 1333627140.
2, 3, 5, 61, 364379
What are the prime factors of 3557139105?
3, 5, 13, 1489, 12251
What are the prime factors of 134082271?
211, 635461
What are the prime factors of 1058024216?
2, 132253027
What are the prime factors of 178119629?
8171, 21799
List the prime factors of 1102469182.
2, 31, 17781761
What are the prime factors of 3972462563?
19, 209076977
List the prime factors of 3714025.
5, 7, 19, 1117
List the prime factors of 666309447.
3, 89, 831847
What are the prime factors of 63443972?
2, 15860993
What are the prime factors of 11771244?
2, 3, 47, 773
List the prime factors of 219269384.
2, 43, 101, 6311
List the prime factors of 202632892.
2, 7, 11, 59809
List the prime factors of 65069801.
65069801
List the prime factors of 821568083.
7, 117366869
What are the prime factors of 726894711?
3, 37, 2182867
What are the prime factors of 36121888?
2, 11, 19, 491
List the prime factors of 6851251573.
251, 1321, 20663
What are the prime factors of 37164429?
3, 4129381
What are the prime factors of 4960473011?
13, 643, 593429
List the prime factors of 291690712.
2, 1571, 23209
List the prime factors of 56135672.
2, 47, 149297
What are the prime factors of 1075408880?
2, 5, 7, 13, 47, 449
List the prime factors of 216469338.
2, 3, 36078223
What are the prime factors of 185151253?
7, 137, 27581
What are the prime factors of 259053465?
3, 5, 11, 37, 42433
List the prime factors of 53291448.
2, 3, 7, 43, 2459
What are the prime fact